the prime factors of d.
2, 7
Let w(f) = 4*f**2 + 29*f - 5. What are the prime factors of w(3)?
2, 59
What are the prime factors of 901 + (-28)/(-7) + 3?
2, 227
Suppose -3*i = 7*c - 2*c + 3, 2*i = 2*c - 2. Let g(p) = -3*p - 2 + p + c*p - 6. What are the prime factors of g(-12)?
2
Let k be 14/(-3)*24/(-16). Suppose k*d - 2*d - 60 = 0. Suppose d = -3*g, m + g - 2*g = 8. What are the prime factors of m?
2
Suppose -5*v + v + 32 = 0. Let r(n) = -v*n**2 + 3*n**3 - 4*n**3 + 3 + 3*n**2 + 5*n. What are the prime factors of r(-6)?
3
Let v = -103 - -107. What are the prime factors of (4 - 45)*-2 - v/(-1)?
2, 43
Let j be 1025/5 - -5 - (1 + 1). Let y = j + -116. What are the prime factors of y?
2, 23
Let j(n) be the first derivative of -16*n - 9 + 1/4*n**4 + 17/2*n**2 - 14/3*n**3. What are the prime factors of j(13)?
2, 3
Suppose 2*c - 7*c + 15 = 0. Let w be c + -6 + -2 + 2. What are the prime factors of w/15 - 104/(-20)?
5
Suppose 43 = 3*l - 2*i + 15, 4*l + i = 30. List the prime factors of 95 + (12/l + -2)*0.
5, 19
Suppose 3*b = 6*b + 96. List the prime factors of (-3 - b) + 4 + 1.
2, 17
Let b(t) = 77*t + 211. What are the prime factors of b(11)?
2, 23
Let h be 0 + 1*(0 + 1). Suppose 9*j + 3 = 6*j. What are the prime factors of h/j + (5 - 0)?
2
Let s(c) be the first derivative of -c**4/4 - 5*c**3/3 - 2*c**2 + 7*c - 12. What are the prime factors of s(-6)?
67
Let d = -25 - -27. Suppose -19*j + 18*j = -d. List the prime factors of (-30)/(-3) + j + -1.
11
Let w = -43 + 37. Let p = -10 + w. Let d = p + 29. List the prime factors of d.
13
Suppose 4*f + 161 = 25. Let x = -26 - f. List the prime factors of x.
2
What are the prime factors of 947 - (15/20 - (-2)/8)?
2, 11, 43
Suppose 11*l = -1441 + 19151. List the prime factors of l.
2, 5, 7, 23
Suppose -3*g = -4*g - 23. Let c = g - -82. List the prime factors of c.
59
Let o = 242 + -123. List the prime factors of o.
7, 17
Let t(z) = -z**2. Let b be t(-1). Let w be 4*-19*(b - 0). List the prime factors of (-3 + w/(-12))*-3.
2, 7
Let k = 72 + 29. Suppose 5*n - 2*f - 255 = 3*f, n = -2*f + 66. Let q = k - n. What are the prime factors of q?
3, 5
Let j(a) = a**3 - 4*a**2 - 21*a + 17. List the prime factors of j(7).
17
Let x(p) = p + 12. Let d be x(-7). Suppose d*u - 10*u = -55. Suppose b = -5*l + 9 + u, 0 = -2*l + 2*b - 4. List the prime factors of l.
3
Let s be 2 - (-8 + 3 + 1). Suppose -1030 = -s*p + p. List the prime factors of p.
2, 103
Let q be (2 - 6)*3/(-4). Suppose -q*v + 40 = 2*v. List the prime factors of v.
2
Let j be (-4)/(-6) - (-84)/9. Suppose -j = 5*y + 5*x, -4 = -5*y + 3*x + 2. List the prime factors of 23/((-3)/(y + -3)).
23
Let l(m) = 72*m**3 - 8*m**2 - 10*m + 8. What are the prime factors of l(4)?
2, 139
Suppose -2*t + 4*k = 16, 1 = 3*t - 3*k + 10. Suppose 91 + 73 = t*w. What are the prime factors of w?
2, 41
List the prime factors of 123732/120 - (1 + (-36)/40).
1031
What are the prime factors of (-60)/(-210) + (-25210)/(-14)?
1801
Let o = 55 + -5. Suppose -o = -l + 77. What are the prime factors of l?
127
Suppose m - q - 6 = 0, 3*q + 10 = m - 0. Let a = m - 4. Suppose 2*s - 2*v = 46, -2*v = 2*s - a*v - 42. What are the prime factors of s?
2, 11
Let k be (-6)/(-8) - 270/40. Let c = 14 + k. Suppose 12*l = c*l + 120. List the prime factors of l.
2, 3, 5
Let g = -99 - -255. Suppose -r - 5*r + g = 0. List the prime factors of r.
2, 13
Let h be -1*(1 + (1 - 2)). Let j(c) = c**3 - 10*c**2 + 17*c - 149. Let p be j(10). Suppose -z + 0*z + p = h. What are the prime factors of z?
3, 7
Suppose 4*v - 3*x - 108 = x, -5*x + 175 = 5*v. Let r = v + -2. What are the prime factors of r?
29
Let f(l) = 208*l**2 + 7*l - 2. List the prime factors of f(2).
2, 211
Let d = 299 + 1005. What are the prime factors of d?
2, 163
Let a = 125 - 133. Let g(w) = -32*w - 81. What are the prime factors of g(a)?
5, 7
Suppose 5*m - 33 = -178. Let x(t) = -50*t**3 - 3*t - 2. Let l be x(-1). Let z = l + m. What are the prime factors of z?
2, 11
Let p = 104 + -76. What are the prime factors of (-4)/p - 5430/(-35)?
5, 31
Let y = -14 - -47. Suppose 0 = -2*a + y + 3. What are the prime factors of a?
2, 3
Let f(y) be the first derivative of y**4/4 - y**3/3 + y**2 - 2*y - 4. Let g be f(2). Suppose 8 = -g*v + 128. What are the prime factors of v?
2, 5
Suppose -3*y = d - 2*y - 4, -3*d - 4*y + 12 = 0. Suppose -d*f = -5*f. List the prime factors of -27*(-1 + f/4).
3
Let p(b) = 14*b**2 - b. Let s be p(1). Suppose -s = 3*u - 73. What are the prime factors of u?
2, 5
Let l = -2 + -4. Suppose 5*p - t - 22 - 71 = 0, 0 = -3*p + 5*t + 69. Let q = p - l. List the prime factors of q.
2, 3
Let j = 207 + -158. What are the prime factors of (j + 0)*1/((-5)/(-15))?
3, 7
Let g = -12 - -15. Suppose 5*c = -3*b + 2, 0 = g*c + 5 + 1. Suppose -4*l + 5*i + 89 = 0, -b*l + 42 = -4*i - 46. List the prime factors of l.
3, 7
Suppose 15*l = 14*l + 3*p + 204, -2*p + 568 = 3*l. What are the prime factors of l?
2, 3
Let i = -233 - -506. Let v = -173 + i. List the prime factors of v.
2, 5
Suppose -3*v = -3*o + v + 15, 2*o - 21 = -v. Suppose -w + 2 = o. Let l = w - -30. List the prime factors of l.
23
Let a be (-2)/14*-7 - 3*9. Let q = a + 57. What are the prime factors of q?
31
Let k(m) = 5*m**2 - 15*m - 12. List the prime factors of k(17).
2, 19, 31
Let q = 30 + -49. Let y be (-4)/16*-106*(0 + -2). Let p = q - y. What are the prime factors of p?
2, 17
Suppose 2329 = 33*q - 1367. List the prime factors of q.
2, 7
Let i = -1167 + 6189. List the prime factors of i.
2, 3, 31
Let x be 20/(-6) - (-1)/3. Let m be (21/12)/(x/24). List the prime factors of 4/m - 116/(-14).
2
Suppose -y + 319 = -276. List the prime factors of y.
5, 7, 17
Suppose 2*i - 137 = -47. Suppose 5*w - 15 - i = 0. Suppose -2*n - 3*l + 36 = -l, -2*l = -n + w. List the prime factors of n.
2
Let h(q) = 19*q - 4. Suppose 0*r - 17 = -3*r - v, 14 = 3*r + 4*v. What are the prime factors of h(r)?
2, 5, 11
Let u be (-24)/(-16)*10/3. Suppose 290 = 5*k - 5*m, u*k + 0*m - 290 = 3*m. What are the prime factors of k?
2, 29
Let w be 10/(-25) - 36/10. Let r(g) = 2*g - 3. Let u(x) = 5*x - 8. Let i(d) = w*u(d) + 11*r(d). What are the prime factors of i(9)?
17
Suppose 0*j - j + 5 = 0. Suppose -10*b = -j*b - 135. List the prime factors of b.
3
What are the prime factors of 19500/42 - 10/35?
2, 29
Suppose 1738 = 6*v - 1478. What are the prime factors of v?
2, 67
Let q = 1 + -239. Let s = q - -460. List the prime factors of s.
2, 3, 37
Let g be (8/(-10))/(2/20). Suppose -5*c - 178 = j, 0 = -3*c + 2*j + j - 114. What are the prime factors of (-2)/g - 531/c?
3, 5
Let g = -62 - -56. List the prime factors of (-8 - (-5)/1)/(g/224).
2, 7
Let l be (0/(2/(-1)))/2. Suppose -5*c + 199 + 396 = l. What are the prime factors of c?
7, 17
Suppose -2*x + 1140 = n, -5*x + 3552 = 2*n + 704. What are the prime factors of (4/(-20) - x/10)*-1?
3, 19
Suppose -4*v - v = 30. Suppose -3*l - 59 = -50. List the prime factors of v/2 + l + 12.
2, 3
Let y = 19 - -22. Let m = y + -32. What are the prime factors of m?
3
Suppose -7*q + 694 = -104. Suppose 3*n + q = 5*n. List the prime factors of n.
3, 19
Let u(s) = -2*s**3 - 2*s**2 + 3. Suppose 9 = -3*x - 3. List the prime factors of u(x).
3, 11
Let f(y) = 141*y**2 + 3*y + 8. List the prime factors of f(-3).
2, 317
Let y(k) = -k**3 + 4 + 2*k**2 - 6 - 4 + 2 + k. Let i be y(3). List the prime factors of 2 + (-2)/(4/i).
7
Let z be (3 + -2)*1*0. Suppose 4*k - k + 159 = z. Let o = -21 - k. What are the prime factors of o?
2
Let a = -11 + 14. Let m be (-1)/((-3)/(-21))*-1. Let o = m + a. List the prime factors of o.
2, 5
Let i = -21 - -37. Let y = i - 19. What are the prime factors of ((-29)/5 - y)*-5?
2, 7
Suppose -3*g - 39 + 16 = 2*w, -4*w = g + 41. What are the prime factors of 2/(12/(-3))*w?
5
Let v = 318 + 40. What are the prime factors of v?
2, 179
Suppose 0 = -3*p + 115 + 41. Let c = p + 99. What are the prime factors of c?
151
Let n(a) be the first derivative of a**3/3 + 7*a**2/2 - 34*a + 21. List the prime factors of n(-12).
2, 13
Let y = -88 - -88. Suppose -4*q = -c - y*q - 12, 3*c + 5*q - 49 = 0. List the prime factors of c.
2
Let n = 78 - 6. What are the prime factors of 4*398/(-3)*(-27)/n?
199
Let t = -4 - -4. Let w = 48 + t. Suppose 0 = -7*b + 3*b + 2*h + w, -4*b - 2*h + 40 = 0. What are the prime facto